te (-550 - -540) + (7 - (1 - 1)) + -4.
-7
What is the value of -3 - (19 - (28 - -5))?
11
What is -2 - -17 - (20 + -29 + -9)?
33
Calculate 1 + 1 + (-4 - (-14 - -24)).
-12
Evaluate -9 - (-51 + 18 + 4).
20
What is the value of (4 - (-10 + 11) - -3) + 2 + -21?
-13
Calculate 38 + 28 + -17 + -27.
22
-29 - (-443 - -454 - (0 + 6))
-34
Evaluate 3 - (-12 + 33) - -23.
5
44 + -16 + 26 + -35
19
What is (10 - -23) + (-1 - 5)?
27
Calculate -122 + 137 + -38 + 0 + 13.
-10
What is the value of -11 + (-12 - (-11 - 9)) + 4?
1
Calculate -8 + 10 + (9 - 21).
-10
Evaluate 66 - 65 - (-8 - 1).
10
What is 6 + (50 + -41 + 1 + -7 - 10)?
-1
What is (-3 + 10 - (61 - 52)) + 1 + -5?
-6
Calculate 5 + -27 - -69 - 27.
20
Evaluate 799 + -809 + 0 + -7 + -3.
-20
Calculate -72 - -63 - (0 + 2).
-11
23 + (24 - 78 - -11)
-20
Calculate -18 + (-2 - -3) - -28.
11
What is -27 + 8 + (0 - -3) + 11 + -2?
-7
What is the value of 13 + (10 - -1 - (-158 - -164))?
18
What is -16 - (37 - (34 - -26))?
7
What is (17 - 52) + 12 - -16?
-7
Evaluate (20 - 17 - 3) + -8 + 1 - 7.
-14
What is (-83 - -67) + (6 - 1)?
-11
Evaluate -5 - (-4 + 6 - 14) - (28 - 3).
-18
-18 + (-10 + (-13 - -20) - -9)
-12
-18 + -45 + 33 + 26
-4
What is -1 + 9 + 75 + 8 + -62?
29
Evaluate 8 - (20 + -30 + (-3 - -8)).
13
What is 8 - 0 - (-8 - (37 + -53))?
0
What is -212 + 220 - (0 - -1 - -14)?
-7
Calculate 7 + (20 - (-12 + 32)).
7
Calculate 1 + -3 + 11 + -3 + -4 + -3.
-1
Calculate (15 - 6) + -2 - (10 + 5) - -16.
8
Calculate -3 + (-15 - (18 + -14 + -6 + -9)).
-7
Calculate -9 - (-1 + -1 - (-3 - (4 + -4))).
-10
-1 - 1 - (-14 - -28)
-16
What is -2 - (0 - 6 - 1 - (-3 - 0))?
2
What is 76 + -73 - (11 + 0 - 3)?
-5
What is the value of -25 + 20 + 2 + -6?
-9
Calculate ((-17 - -18) + 4 - (11 - -2)) + -10.
-18
Calculate (-9 - 4 - (-43 - -34)) + -24 + 1.
-27
What is -3 + (2 + 5 - 9) + (1 - -17)?
13
-6 - (1 + 12 + (15 - 20) + 2)
-16
What is the value of 6 - (-7 + 6 + 6 + -3 - -3)?
1
Calculate 7 + (1 - 2) - (-650 - -651) - -9.
14
Calculate (17 - 7) + 2 + -2 - (11 - 11).
10
What is the value of -13 - ((37 - 30) + -44)?
24
What is the value of -29 + 10 - -10 - (-7 - (2 - 0))?
0
Evaluate -14 - (5 + -8) - -3.
-8
What is the value of -17 - -32 - 47 - -19?
-13
What is (50 - 46 - (0 - -5)) + -6 - -7?
0
Calculate 14 - -2 - (1 + 9) - (-1 - -1).
6
(-9 - -15) + 5 - 19
-8
What is the value of (-28 - (31 + -56)) + -1 + 5?
1
-3 + (15 - -2 - -1) + -15
0
Calculate (-16 - (-13 + -22)) + 8.
27
What is -14 + (-15 - -28) + -10?
-11
What is -2 + -1 - (-27 + -18 + 52)?
-10
What is the value of (-15 + -11 - -19) + 11 + -1?
3
What is the value of 3 - (20 - (10 - -1))?
-6
What is the value of (22 - 10) + -20 + (0 - 7)?
-15
0 + (4 + 0 - (2 - -4 - 1))
-1
Evaluate 122 + -153 + (4 - (-10 - 0)).
-17
What is the value of -4 - (-1 - -16 - 3 - (2 - -7))?
-7
Evaluate (9 - -3 - 11 - 6) + -6.
-11
What is (0 - (-4 + 2)) + 442 + -472?
-28
Calculate 1 + -4 - -18 - (22 - 13).
6
What is (1 - (-18 + 9 - -7)) + -5?
-2
Evaluate -16 + -1 + -224 + 257.
16
What is the value of -8 + ((8 - 24) + 11 - (-2 + -9))?
-2
(15 - 9) + (-34 + 16 - (1 - 3))
-10
What is (-51 + 46 - (-26 - -5)) + (0 - 8)?
8
Evaluate -20 + 4 + -10 + (-30 - -57).
1
Evaluate -11 - (-1 - -1) - (2125 - 2129).
-7
Evaluate (8 - 1 - (-1 + -3)) + (26 - 49).
-12
Calculate 59 + -75 + 19 + 0.
3
What is the value of (1 - -1) + (-3 - (-18 + 14)) + 13?
16
What is -6 + 0 + -2 + (5 - 6) + -2?
-11
Evaluate 37 + -29 + (7 - (1 + -3)).
17
(2 - -12) + -5 + (53 - 63)
-1
What is the value of 1 + 0 + 7 - (1830 - 1829)?
7
Evaluate 5 + 4 + -5 + 17 + -9.
12
Evaluate 21 + -39 + 24 - -9.
15
Calculate 15 + -20 + -8 - -24.
11
What is the value of 27 - 40 - -3 - (4 - (2 - 0))?
-12
What is (-20 - -10) + (15 - -8)?
13
What is 5 - 8 - (-4 + (-3 - 6)) - 3?
7
Calculate (-1 - 11 - -2) + 4.
-6
What is 5 + 1 - (178 - 171)?
-1
What is 14 - 9 - (-9 - (5 + (-13 - -5)))?
11
13 + -16 - (0 + (-4 + 2 - 1))
0
Evaluate -5 - (-1 + -9) - (3 + -8 + 17).
-7
Evaluate -5 - (2 + -1 - (-1 + 1 - -6)).
0
What is the value of (36 - 35) + (-1 - -2) + 0 - -11?
13
What is the value of -27 + -11 + 23 - (4 + -7)?
-12
Evaluate 3 + 11 + (158 - 140) - (1 - -7).
24
Evaluate -11 + 4 + (4 - (6 - 3)).
-6
Evaluate (10 + 5 - -4) + (-11 - (-14 + 6)).
16
What is the value of (10 - (0 - -12 - 8)) + -5?
1
What is the value of (-10 - 0) + (24 - (51 + -17))?
-20
What is the value of 1 + -1 + (-2 - (-2 - 3))?
3
12 + 12 + -25 + 0 + -4
-5
What is the value of (8 - (-6 - -20)) + -2 + (-2 - 1)?
-11
-8 - (13 + 7 - 41)
13
Evaluate 187 - 209 - (1 + -24).
1
Evaluate (-143 - -139) + (2 + 6 - 0).
4
Calculate 21 - (37 - 45) - 29.
0
What is the value of 131 + -122 + -2 + -18?
-11
Calculate 37 + -39 - (-5 + 3 + 2).
-2
Evaluate (-7 + 9 + -6 - -5) + (-12 - 3).
-14
0 + -6 - (-48 + 17 + 13)
12
Evaluate 0 + (-6 - -3) + (-21 - -25).
1
Evaluate -4 - (-9 - (6 + -23)).
-12
Calculate (-17 - (-1 + -1)) + -35 + 40.
-10
Calculate 4 + -3 + (-5 - (11 + -4 - 14)).
3
28 - -16 - (48 - -19)
-23
What is 9 - (-23 + 25 + -6 + -1)?
14
Calculate 13 - (-3 + 58 + 44 + -54).
-32
Calculate -7 + 4 - -14 - (33 + -16).
-6
What is the value of 21 - (-14 - (10 + -13) - -21)?
11
What is the value of -23 - (1 - (20 - 7)) - (5 + 4)?
-20
Calculate -263 - -266 - (0 + -5).
8
What is (10 - 19) + (18 - 13 - (22 - 1))?
-25
What is 11 + (-1 - -30) - (6 - -9)?
25
Calculate 4 + -7 - -1 - (2 - 15 - -9).
2
-13 - (-13 + 14 + -6 - (1 - -1))
-6
(-15 - -6) + 25 + (-19 - -9 - -2)
8
Evaluate (4 - 4) + 6 + 2 + (-11 - -1).
-2
Evaluate 15 - (7 + -16 + 45).
-21
Evaluate 9 + (-38 - -7) + -1.
-23
What is 29 - (-9 + (53 - 10))?
-5
-64 + 64 - (0 + -10)
10
What is the value of (-1 - -1 - (7 - -1)) + -16966 + 16959?
-15
What is the value of (-1 - -3) + 77 + -92?
-13
Evaluate (-1 - 4) + 21 + (-19 - 5) + -6.
-14
What is the value of 2 + (-3 - -7) + (27 - 27)?
6
What is the value of -3 + -7 + 2 - (-58 - -41)?
9
Calculate (51 - 11) + -41 - (-2 - (-2 - -35)).
34
What is (14 - -20) + -24 - 30?
-20
What is 524 - 530 - (-8 - 2 - (-2 - -4))?
6
Evaluate -1 - (-3 + -8) - (6 + -33).
37
Evaluate -2 - -16 - (-8 - -12).
10
Evaluate (-31 - (10 + -2 - 1)) + (10 - 3).
-31
Calculate 15 + (-52 - -33) + -7.
-11
-18 - -27 - 24 - -23
8
(-11 - 6 - -22) + -9
-4
0 + -14 - (143 - 153)
-4
What is the value of 66 - 29 - 39 - (-27 + -1)?
26
Evaluate -8 + -10 + 2 + (8 - (-5 - -8)).
-11
-21 + -65 + 38 + (15 - 2)
-35
Calculate 1 - 5 - (3 + 12 + -11 + 5).
-13
Calculate (209 - 214) + (12 - 1) + (1 - -5).
12
Evaluate 2 + 11 + 3 + -12 + -7.
-3
-22 + 34 - (11 + -25) - 7
19
What is the value of 49 - 43 - (3 - 10 - (-2 + 2))?
13
What is the value of (-1 - -7 - (-64 - -57)) + -6?
7
Evaluate 1 + (-21 + 10 + -5 - -7) + 1.
-7
What is the value of 5 + (-7 + 8 - -2 - 2)?
6
What is -2 + -8 + 10 + -9 + -8 + -7?
-24
Calculate -10 - (-8 + (19 - (5 + -22 - -10))).
-28
Calculate -2 + 7 + (-9 - 21 - -14).
-11
Calculate (-7 - -16) + -1 - (19 - 13).
2
Calculate 778 + -772 - (-1 - (-8 + 1)).
0
Evaluate -2 + 7 - (28 - 32).
9
What is 5 + (-6 - 2) + (6 - 12) - -7?
-2
Calculate -12 + 14 + 12 - 17.
-3
What is the value of 2 + (-48 + 56 - (1 - 1 - 5))?
15
What is -49 - (-4 + 5) - -26?
-24
Calculate -9 + (20 - (21 + -10)) + -4.
-4
Calculate -2 + (4 - (-2 + -2 + 9)) + 2.
-1
What is the value of -4 - (4 - (5 - (-2 + -24)))?
23
Calculate (35 - 27) + (-9 - 0) + -1 + 0.
-2
What is the value of (-8 - -4) + 14 + -19 - -24?
15
What is the value of -3 + (3 - 3 - (-5 - -6 - 1))?
-3
What is the value of -14 + 5 + -4 + (111 - 133)?
-35
What is (16 + 32 - 20) + -12?
16
Evaluate (1 - -1 - -5) + (5 - 3) - -7.
16
What is -1 - -2 - (-2 + (-8 + 5 - -3))?
3
What is -2 + 6 + -16 + 4 + -6?
-14
What is -4 - (3 - -3) - (119 + -132)?
3
What is the value of 0 + -3 + 12 + (-16 - (-3 - 18))?
14
What is the value of -3 + (4 + -3 - 19) + -115 + 117?
-19
What is the value of -5 + 2 + (-28 - -44 - (0 - -40))?
-27
What is the value of -9 - 1 - -3 - (-5 - (-5 + -1))?
-8
Calculate -28 + 36 + -3 + -14 + -4 + 5.
-8
(-14 - -1) + (-24 + 14 - (-24 + 6))
-5
2 - ((12 - 9) + -2)
1
-3 - (-33 + 19) - (-2 - -27)
-14
Evaluate (9 - (26 - 7)) + 29 - 4.
15
What is the value of -12 - ((3 - 35) + 14)?
6
What is -3 - (12 - -2) - -28?
11
What is the value of 23 + -9 + -31 - -6?
-11
Calculate -3 + 13 + 9 + (-7 - (-3 - -3)).
12
Calculate (3 - -19) + -20 - -5.
7
What is (1 - 8) + (-16 - 4 - -12)?